+ 7118. What is b(5)?
18
Let t(v) = v**3 + 5*v**2 - 1321*v + 173. Calculate t(-39).
-22
Let y(f) = 10*f**2 + 510*f - 3139. Determine y(6).
281
Let m(j) = 24*j**2 - 7264*j + 50856. Determine m(7).
1184
Let m(a) = a**2 - 180*a + 3891. Determine m(21).
552
Let b(o) = -o**3 - 57*o**2 - 786*o + 763. What is b(-31)?
143
Let z(j) = -4*j**3 + 793*j**2 - 983*j + 387. Calculate z(197).
781
Let v(x) = 2*x**3 - 44*x**2 + 130*x - 2971. What is v(22)?
-111
Let a(r) = -6*r**2 + 305*r + 12077. Give a(77).
-12
Let j(u) = 393*u + 3851. Calculate j(-6).
1493
Let o(q) = -1552994*q - 3106006. Determine o(-2).
-18
Let l(f) = f**3 + 182*f**2 + 204*f + 4321. What is l(-181)?
158
Let x(d) = -36*d**2 + 2057*d + 390. Calculate x(60).
-5790
Let y(w) = 291*w - 277. Give y(1).
14
Let b(t) = 218*t + 853. What is b(-4)?
-19
Let x(c) = -7028*c + 119675. Give x(17).
199
Let b(u) = -3*u**3 + 75*u**2 + 113*u - 905. What is b(26)?
5
Let j(x) = 16*x**2 - 1517*x + 3035. Calculate j(2).
65
Let o(u) = -2555*u - 10671. Determine o(-4).
-451
Let r(y) = 31*y**2 - 2419*y - 1289. Determine r(78).
-1367
Let x(y) = 8*y**2 + 600*y + 8489. Calculate x(-19).
-23
Let a(r) = 330*r**2 + 4546*r - 925. Calculate a(-14).
111
Let u(l) = 2*l**3 + 42*l**2 - 570*l - 1138. Give u(-30).
-238
Let o(m) = -2*m**3 + m**2 - 11*m - 1165. Give o(0).
-1165
Let n(m) = -389*m**2 + 102*m + 104. Determine n(-1).
-387
Let q(l) = -6*l**3 + 13*l**2 + 49*l - 143. What is q(3)?
-41
Let d(x) = -13*x**2 + 2322*x + 234605. Determine d(-72).
29
Let g(y) = 8*y**3 + 3546*y**2 - 2676*y - 5627. Calculate g(-444).
-299
Let c(m) = 113*m**3 + 257*m**2 + 63*m + 5. Calculate c(-2).
3
Let a(k) = -2*k**2 - 654*k - 19923. What is a(-34)?
1
Let t(b) = -b**3 - 14*b**2 + 188*b - 224. Determine t(8).
-128
Let j(c) = -c**3 + 458*c**2 - 3040*c + 762113. Determine j(455).
-12
Let x(g) = -g**2 + 445*g - 9890. Give x(23).
-184
Let x(n) = 28*n - 652. Determine x(-14).
-1044
Let l(s) = 10853*s - 173622. What is l(16)?
26
Let y(t) = 512*t**2 - 29186*t + 166. Give y(57).
52
Let b(r) = -16*r**3 - 387*r**2 - 89*r - 351. What is b(-24)?
57
Let p(n) = -n**3 - 37*n**2 - 535*n + 77. Calculate p(-12).
2897
Let q(k) = -5*k**3 - 91*k**2 + 371*k - 39. Determine q(4).
-331
Let x(v) = 66385*v - 17326480. Give x(261).
5
Let m(z) = 3*z**3 + 43*z**2 + 238*z + 548. What is m(-6)?
20
Let u(x) = 5*x**2 - 63*x - 1872. Give u(-14).
-10
Let m(f) = -1509*f + 1040. Give m(1).
-469
Let o(w) = -1876*w + 1398. What is o(1)?
-478
Let j(z) = -406*z + 41474. Give j(97).
2092
Let d(s) = -182750*s - 26316004. Give d(-144).
-4
Let s(r) = -r**3 - 9*r**2 - 2359*r - 21217. Determine s(-9).
14
Let v(h) = -2*h**2 - 174*h + 1. Give v(-87).
1
Let h(j) = 290*j + 33908. Determine h(-117).
-22
Let h(l) = l**3 + 246*l**2 + 8087*l + 743. Give h(-39).
197
Let j(s) = -3004894*s - 6009766. Determine j(-2).
22
Let n(x) = 2*x**2 - 293*x + 2943. Calculate n(135).
-162
Let a(q) = -14142*q - 1753575. Calculate a(-124).
33
Let w(c) = -35766*c + 250241. Determine w(7).
-121
Let f(d) = 117776*d + 588909. Determine f(-5).
29
Let z(v) = 133*v**2 + 1317*v - 130. Give z(-10).
0
Let o(r) = 36*r**3 - r**2 + 13730*r + 27463. Determine o(-2).
-289
Let n(y) = -79263*y - 20291332. What is n(-256)?
-4
Let m(j) = j**2 + 78086*j + 312333. Calculate m(-4).
5
Let i(y) = -y**3 - 256*y**2 + 1274*y - 8154. Determine i(-261).
-63
Let y(t) = t**3 - 22*t**2 - 5817*t + 105974. Calculate y(18).
-28
Let t(n) = n**3 - 34*n**2 - 8*n + 332. What is t(34)?
60
Let q(s) = 377*s**3 + 13*s**2 + 45*s + 30. Determine q(-1).
-379
Let h(a) = 52108*a + 1615337. Calculate h(-31).
-11
Let s(p) = -261*p**2 + 1572*p - 18. What is s(6)?
18
Let o(d) = -d**3 - d**2 + 304*d + 1751. Calculate o(-6).
107
Let f(d) = -122170*d - 488678. Give f(-4).
2
Let z(n) = -31*n**2 + 236*n + 12. Calculate z(8).
-84
Let b(s) = 9*s**3 - 169*s**2 + 180*s - 968. What is b(18)?
4
Let z(v) = -2327*v - 8804. What is z(-4)?
504
Let l(h) = h**3 - 18*h**2 + 201*h - 3184. Calculate l(17).
-56
Let x(a) = 1348*a - 1290. Determine x(1).
58
Let n(t) = t**3 + 145*t**2 + 1634*t + 4307. Determine n(-8).
3
Let v(j) = -213*j**3 + 13*j**2 + 46*j + 33. Calculate v(-1).
213
Let f(g) = -2052*g - 16862. Give f(-8).
-446
Let r(f) = 10*f**2 + 3729*f + 331966. Give r(-226).
-28
Let y(m) = -4*m**3 + 1341*m**2 + 4053*m - 28. Determine y(-3).
-10
Let x(s) = 81510*s + 10270262. What is x(-126)?
2
Let g(r) = -925*r - 44391. Determine g(-48).
9
Let q(w) = -3*w**3 + 8*w**2 + 517*w - 2750. Calculate q(6).
-8
Let z(u) = -3*u**3 + 768*u**2 + 2295*u - 26. Give z(-3).
82
Let d(r) = 8031*r - 795077. Determine d(99).
-8
Let s(p) = p**3 - 125*p**2 + 483*p - 354. Determine s(3).
-3
Let u(k) = -3*k**3 - 1373*k**2 - 2073*k + 94399. Give u(-456).
7
Let z(q) = -12*q**3 + 8570*q**2 - 1412*q - 11432. Give z(714).
-8
Let z(o) = -112*o**2 + 4077*o + 4078. What is z(-1)?
-111
Let s(q) = 4202*q + 722723. What is s(-172)?
-21
Let m(u) = 25*u**3 + 1764*u**2 - 784*u - 213. What is m(-71)?
0
Let j(x) = 12*x**3 + 4*x**2 + 18*x - 95. Determine j(4).
809
Let c(p) = p**3 - 11*p**2 - 236*p + 1603. Calculate c(19).
7
Let m(y) = 124784*y - 1247874. Give m(10).
-34
Let m(p) = 846*p**2 - 135*p + 140. Calculate m(1).
851
Let a(k) = 21*k**2 + 71*k - 56. Give a(-4).
-4
Let q(n) = -471*n + 57634. What is q(128)?
-2654
Let r(x) = -x**3 + 24*x**2 - 242*x + 5661. Calculate r(24).
-147
Let r(o) = 16*o + 5063. Calculate r(-226).
1447
Let z(y) = -y**3 + 99*y**2 - 1049*y - 14184. Give z(22).
6
Let l(j) = 66*j**2 + 3711*j + 330. Determine l(-56).
-510
Let f(k) = -291111*k - 22124431. Determine f(-76).
5
Let m(d) = -d**2 + 1866*d - 359275. Calculate m(218).
-11
Let v(m) = 26*m**3 - 387*m**2 - 43*m - 73. Determine v(15).
-43
Let r(t) = 390*t - 30153. What is r(65)?
-4803
Let g(v) = 7*v**3 + 16*v**2 - 150*v - 933. Determine g(-4).
-525
Let a(i) = -i**3 - 38*i**2 + 192*i + 4205. Determine a(-39).
-1762
Let s(l) = l**3 - 1116*l**2 - 131*l + 146198. Determine s(1116).
2
Let y(m) = -2243*m + 6106. What is y(3)?
-623
Let d(o) = -o**3 - 6*o**2 - 1582*o - 11240. Give d(-7).
-117
Let z(a) = 5*a**2 - 1123*a - 6873. Determine z(-6).
45
Let s(f) = 383*f + 2464. Calculate s(-3).
1315
Let n(y) = 1730*y - 2508530. Determine n(1450).
-30
Let w(l) = -1520*l + 10196. What is w(7)?
-444
Let m(v) = 41743*v + 584406. Calculate m(-14).
4
Let a(d) = 8*d**3 + 462*d**2 - 556*d + 188. Calculate a(-59).
-1818
Let t(j) = 79*j + 208. What is t(-9)?
-503
Let q(s) = 12*s**2 + 735*s + 84. Give q(-61).
-99
Let f(o) = -2*o**3 - 8*o**2 - 1037*o - 7321. Give f(-7).
232
Let t(y) = 15*y**3 + 28*y**2 + 10217*y + 20431. What is t(-2)?
-11
Let d(j) = 654*j + 60849. Give d(-93).
27
Let a(o) = o**2 - 11317*o - 79221. What is a(-7)?
47
Let m(b) = -6959*b - 55803. What is m(-8)?
-131
Let i(v) = 78*v**2 - 202*v - 50. Calculate i(6).
1546
Let d(y) = -2*y**3 - 26*y**2 - 59*y - 363. Calculate d(-12).
57
Let t(z) = 7*z**3 + 870*z**2 + 269*z + 2634. Calculate t(-124).
30
Let k(n) = -n**2 - 62*n + 1647. Calculate k(-83).
-96
Let o(s) = -261*s + 8278. Determine o(32).
-74
Let v(j) = -1071*j**2 + 9484*j + 1231. Determine v(9).
-164
Let l(t) = -58*t**2 + 20*t - 37. Give l(3).
-499
Let o(p) = -31*p**2 + 3308*p - 24507. Give o(8).
-27
Let d(j) = 280*j**2 - 52*j + 69. Determine d(2).
1085
Let t(v) = -8294*v - 8499. What is t(-1)?
-205
Let d(h) = -366952*h + 7339037. What is d(20)?
-3
Let a(j) = 12*j**3 + 4153*j**2 + 434*j + 30452. Determine a(-346).
4
Let b(o) = 2*o**2 - 75*o - 2120. Give b(-30).
1930
Let v(w) = -3*w**2 - 417*w - 14490. What is v(-71)?
-6
Let z(l) = l**3 - 110*l**2 + 2979*l + 623. Give z(61).
13
Let g(j) = 93*j + 4336. What is g(-31)?
1453
Let t(w) = -141*w**2 - 426*w - 1285. Calculate t(-3).
-1276
Let p(q) = 796*q + 82792. Give p(-104).
8
Let w(t) = 2693*t - 395896. Determine w(147).
-25
Let n(u) = -u**3 - 14*u**2 - 31*u - 964. What is n(-16)?
44
Let r(u) = 9597*u - 19185. Calculate r(2).
9
Let l(c) = -c**3 + 157*c**2 - 6139*c - 89. What is l(74)?
133
Let x(d) = -469*d**2 - 34701*d + 16. Determine x(-74).
-354
Let y(o) = o**2 - 217*o + 7894. What is y(46)?
28
Let j(k) = -552*k - 48705. What is j(-88)?
-129
Let j(b) = 5551*b + 255350. Give j(-46).
4
Let o(l) = -12*l**2 - 46521*l + 326235. Give o(7).
0
Let u(w) = 19527*w + 253853. Determine u(-13).
2
Let f(n) = -7*n**3 - 13*n**2 